e -v*r + 16 - 1 = y, -4*r + 20 = -3*y. Suppose -5*f - 19 - 1 = y. Let q(h) = h + 4. Give q(f).
0
Let f = -977 + 975. Let z(j) = j**3 + 1. Let h(t) = -5*t**3 - t**2 + 3*t - 3. Let q(l) = -h(l) - 4*z(l). Determine q(f).
1
Let c(u) = -u**2 + 18*u + 121. Let g be c(23). Let d(s) = -2*s + 6. What is d(g)?
-6
Let h(q) = -q**2 + 7*q + 4. Let i(o) = -7*o - 2. Let f be i(-1). Suppose -27 = -3*y - 4*l, 2*y - 4*y - f*l = -25. Let t be 2 + (y - (-2 - -2)). Give h(t).
4
Let z(t) = -29 - 26*t + 8*t + t + 13*t. Give z(-6).
-5
Let u(o) = -o + 2. Let m(i) be the third derivative of -i**6/120 + 17*i**5/60 + i**4/24 - 11*i**3/6 + 3*i**2. Let k be m(17). Calculate u(k).
-4
Let x(k) = -k**3 + 5*k**2 + 2*k - 1. Let i = 792 - 787. Calculate x(i).
9
Suppose 35 = -3*i + 44. Let z(n) = -6*n**2 + 2*n**2 - 4*n + 10*n**2 - n**i. Give z(4).
16
Let b(y) = -5*y - 5. Let c(l) = -8*l - 11. Let q(f) = -5*b(f) + 3*c(f). Determine q(5).
-3
Let j be (16/(-12))/(-4 + 10/3). Let u(t) be the second derivative of j*t**2 + 0 + 4*t + 1/2*t**4 + 5/6*t**3 + 1/20*t**5. Give u(-5).
4
Let q = -25 + 29. Let g(c) = -c**2 - 1. Let t(p) = 4*p**2 + 4*p + 10. Let d(k) = -5*g(k) - t(k). Calculate d(q).
-5
Let y(v) be the second derivative of 5*v**3/6 + 3*v**2 - 17*v + 3. Determine y(-4).
-14
Let n be (-86)/(-8) - (45/(-12))/(-5). Let x(f) = f**2 - 10*f - 2. Let m be x(n). Let q(v) = -4*v. Calculate q(m).
8
Let v(n) = -16*n**2 - n - 1. Let t be ((-3)/2)/(14/(-28)). Suppose -5*g = -2*a, 4*a = 3*a + g + t. Let i be (-7)/a + (-14)/(-35). What is v(i)?
-16
Suppose 34*j = -49*j + 166. Let y(v) = -v**2 - v**2 + 2*v**3 - v - 2 + 0*v**2. Give y(j).
4
Let m(g) = -3*g - 30. Let v(s) = -2*s - 16. Let w(b) = 3*m(b) - 5*v(b). Let q(x) = 8. Let k(l) = 5*q(l) + 4*w(l). Give k(-5).
-20
Let u(v) be the second derivative of 0 - 2*v - 1/2*v**2 - 1/2*v**3 - 1/3*v**4. What is u(-2)?
-11
Let l(g) = -3*g**2 - 3*g + 10. Let o = -36 - -37. Let y(s) = -s**2 - 3*s + 1. Let k(j) = o*l(j) - 2*y(j). Suppose -3*b + b + 12 = 0. Give k(b).
-10
Let c(g) = g**2 + 1 - 3*g**2 + 0. Let s be (16/(-10))/(22/(-55)). Suppose 5*a = w - s, -5*a + 3*w + w - 1 = 0. What is c(a)?
-1
Suppose -7*x = -5*x + 6. Let q(n) = -n**2 - 2*n - 1. Determine q(x).
-4
Let y(z) = -z**3 + 6*z**2 - 2*z + 9. Suppose -11*u + 234 = -8*u. Let s = u + -72. Give y(s).
-3
Let m(n) = n**2 + n + 1. Let o be 10 + 6/(-12)*28. Calculate m(o).
13
Let w be (7 + -4)/(6/8). Suppose -2*c - 12 = w. Let a = -15 - c. Let n(p) = -p. Give n(a).
7
Let r(x) be the second derivative of x**4/12 + 13*x**3/6 - 13*x**2/2 + 442*x. Determine r(-13).
-13
Let j be (-32 + (2 - (5 - 2)))/(-1). Let g(v) = 61*v - j*v - 30*v. What is g(-2)?
4
Let t(n) = 3*n + 0*n**3 + 9 - n**3 - 3*n**2 + 10 - 22. Determine t(-3).
-12
Let b(u) be the third derivative of 25 - u**2 - 1/60*u**5 + 1/120*u**6 + 5/6*u**3 + 0*u + 0*u**4. Calculate b(0).
5
Let d(t) = -7*t - 5. Let z(m) = 16*m + 11. Let r(o) = 9*d(o) + 4*z(o). Let h(s) = -2*s + 3. Let i(q) = h(q) + 6*r(q). Calculate i(2).
5
Let z(w) = 6*w**2 - 5*w - 13. Let b(t) = 7*t**2 - 6*t - 15. Let j(r) = 5*b(r) - 6*z(r). Determine j(3).
-6
Let g(i) = i**2 + 3*i - 5. Let p be g(-5). Suppose s = -4*j + p*s - 48, -5*j - 3*s - 92 = 0. Let q = j - -12. Let v(r) = -r**3 - 3*r**2 + 4*r + 4. What is v(q)?
4
Let a(j) be the third derivative of -j**5/60 + 4*j**3 + 98*j**2 - j. Determine a(5).
-1
Let s(q) = 16*q + 18. Let g(u) = 9*u + 10. Let x(p) = 7*g(p) - 4*s(p). What is x(6)?
-8
Suppose 1 = -4*h + 9. Suppose 4*c + 41 = 5*y + 12, c = -h*y + 9. Let i(s) = -y*s - 3 + 6 - s**2 - 4 + 2*s. What is i(-3)?
-1
Suppose x = 2*i + 17, -x + i - 3*i + 33 = 0. Let a(l) = -l + 20. Determine a(x).
-5
Let a(g) = g. Suppose -1 = -4*l + 3*l. Let p(u) be the third derivative of u**4/3 + u**3/6 - 7*u**2. Let k(m) = l*p(m) - 5*a(m). Give k(2).
7
Let u(q) = 2*q + 8. Let l = 48 - 56. Let b(c) = c**3 + 7*c**2 - 7*c + 2. Let m be b(l). What is u(m)?
-4
Let b(d) = 2 + 2 - 3*d - 2*d + 4*d. Let c be (-6)/1*(-4)/3. Suppose q = -5*r + c, r + 3*q + 6 = -q. What is b(r)?
2
Let z(v) = 8*v**2 - 2*v + 1. Let j = -739 + 737. Calculate z(j).
37
Let y(h) = h**3 - 6*h**2 + 6*h - 9. Let i be ((-292)/28 + 10)*-14. Determine y(i).
27
Suppose -5*a + 15 = 5*b, -186 = 4*a - 202. Let l(n) = 4*n**3 - 2*n**2 + 10*n**3 + n**2 + 1. Calculate l(b).
-14
Let z(m) be the first derivative of -m**2 + 5/3*m**3 - 24 + m. Determine z(1).
4
Let l(t) be the third derivative of -t**6/120 + t**5/12 + t**4/24 - 84*t**2. Calculate l(4).
20
Suppose -54*l + 220 = -536. Let s(f) = -f - 1. Determine s(l).
-15
Suppose 0 = -4*f + 3*f + 40. Let o be 85/f + 2/(-16). Let x(y) = -2 + 7*y + 5*y - 14*y. What is x(o)?
-6
Let m(s) = -6*s**3 + 4*s - 2. Let q(j) = -5*j**3 + j**2 + 4*j - 3. Let a(f) = 4*m(f) - 5*q(f). What is a(5)?
-13
Let g(r) = 4*r + 9. Suppose -3*w = 5*q + 35, 5*q - 4*q = -2*w - 7. Determine g(q).
-19
Let y(c) be the first derivative of -c**4/4 + 5*c**3/3 - c**2 + 110. Give y(4).
8
Let o(b) = -4*b**2 - 2*b + 1. Let u(x) = -x**2. Let r = -26 + 21. Let h(c) = r*u(c) + o(c). Give h(-2).
9
Let f(a) be the first derivative of -a**4/4 + 8*a**3/3 + 4*a + 287. Give f(8).
4
Suppose 2*k = -2*p + 5*k + 12, -5*k - 6 = -p. Let c(x) = -2*x + p*x - 1 - 7*x. Let h be 3 + -3 - (-5)/(-1). Give c(h).
14
Let k(t) be the first derivative of t**3/3 + 5*t**2/2 - t + 353. Suppose 9*n = 4*n - 30. What is k(n)?
5
Let u(v) = 4*v - 1. Let p = -5 - 0. Let l be (6/7)/(p/(-35)). Suppose l = -3*j + 3. Give u(j).
-5
Let n be (48/(-8 + 16))/(-1 + 3). Let k(p) = -p**3 + 4*p**2 - 3*p + 2. Determine k(n).
2
Let z(m) be the second derivative of m + 0 + 1/6*m**4 - 3/2*m**2 + 1/3*m**3 - 1/60*m**5. Let d(w) be the first derivative of z(w). Determine d(5).
-3
Let f(s) be the first derivative of 8*s**3/3 + s**2/2 + 94. Determine f(1).
9
Suppose q = -q + 4. Let d(h) = h + 79*h**2 - 80*h**2 - 2*h - q. Give d(0).
-2
Suppose 138*b - 143*b - 45 = 0. Let j(n) = -n**2 - 11*n - 15. Give j(b).
3
Let a(b) = 55*b + 28. Let y(x) = 39*x + 19. Let z(c) = -5*a(c) + 7*y(c). Calculate z(0).
-7
Let p = 3839 - 3835. Let m(y) = -y**2 + 7*y + 4. Let d(t) = 2*t**2 - 15*t - 8. Let q(s) = 6*d(s) + 13*m(s). What is q(p)?
-8
Let h(z) = -2*z**2 - 1. Suppose -n + 0 = -26. Let p be 8/10*65/n. Suppose -3*v = -2*v - p. Determine h(v).
-9
Let y(d) be the first derivative of 4 + 0*d + 0*d**4 + d**3 + 7/180*d**6 + 1/120*d**5 + 0*d**2. Let k(a) be the third derivative of y(a). What is k(-1)?
13
Suppose -44 = -x + l, -3*x = -2*l - 2*l - 132. Let k(r) = -37 - 4*r**2 - r**3 - 2*r - x + 85 + 4*r. Determine k(-4).
-4
Let d be 32/208 - (-8)/(-52). Let p(s) = s**2 - 2*s - 5. Determine p(d).
-5
Let j(c) = c**3 - 3*c**2 - 4*c + 3. Let n be j(4). Let z(b) be the first derivative of 2 - b + 3/2*b**2. Give z(n).
8
Let v(k) = 2*k - 5. Suppose -5*g = 7*y - 2*y - 5, 5*g + 45 = 5*y. Determine v(y).
5
Suppose 6*f + f = 0. Let k(p) = f + 44*p - 1 - 3*p**2 - 43*p. Determine k(2).
-11
Let w(s) be the second derivative of s**5/40 - s**4/12 - 7*s**3/3 + 34*s. Let j(g) be the second derivative of w(g). Give j(5).
13
Let l(h) = h + 8. Let q be (-42)/(2 + 4) + 7. Determine l(q).
8
Let c(n) be the second derivative of n**3/3 + 5*n**2/2 - 3*n. Let a = 11 + -5. Let q be (1 + 9/a)*-2. Determine c(q).
-5
Let q(w) = w + 75 - 2*w + 2*w - 49. What is q(-11)?
15
Let k = 471 + -465. Let m(y) = -y**2 + 7*y + 2. Calculate m(k).
8
Let s(n) = -n**2 - 2*n + 4. Suppose 4 = 5*a - 11. Suppose 4*d + 29 = a*d. Let j = d + 25. Determine s(j).
-4
Let h(i) = -i - 6. Suppose -4*u + 6*u - 4 = 0. Suppose v = u*k + 2*v + 13, 0 = 5*v + 5. Calculate h(k).
0
Let i(u) = 7*u**2 - 6*u - 11. Let a(t) = -11*t**2 + 11*t + 15. Let k(o) = -o**2 + o + 1. Let d(b) = a(b) - 5*k(b). Let j(r) = 6*d(r) + 5*i(r). Give j(6).
5
Let x(q) be the third derivative of q**4/12 - 3*q**3/2 - 245*q**2. Determine x(5).
1
Let z = -2 + 0. Let p(w) = 8*w + 15. Let g be p(z). Let y(d) = 3 - 2 - d - 8*d. Calculate y(g).
10
Let d(b) = -118*b + 20. Let y(p) = 40*p - 7. Let k(h) = -6*d(h) - 17*y(h). Calculate k(1).
27
Let a(u) = -4*u**3 - 19*u**2 + 15. Let v(c) = c**3 + 6*c**2 - 5. Let x(n) = -2*a(n) - 7*v(n). Let t = -38 - -45. Let h = t + -3. Give x(h).
5
Let w = 2 - -8. Let x(b) = w*b + 205*b**2 + 5 - 214*b**2 + b**3 - 3*b. Give x(8).
-3
Let p(c) = -3*c + 18. Let j(l) = -l + 12. Let y(a) = -a. Let